{"id":1139,"date":"2018-05-07T13:59:37","date_gmt":"2018-05-07T13:59:37","guid":{"rendered":"http:\/\/okthemes.com\/villenoirdemo\/?page_id=1139"},"modified":"2026-01-23T20:20:30","modified_gmt":"2026-01-23T19:20:30","slug":"cusine","status":"publish","type":"page","link":"https:\/\/bistrotdusommelier.eu\/bds\/cusine\/","title":{"rendered":"Carte &#038; Menus"},"content":{"rendered":"<p>[vc_row full_width=\u00a0\u00bbstretch_row_content_no_spaces\u00a0\u00bb equal_height=\u00a0\u00bbyes\u00a0\u00bb content_placement=\u00a0\u00bbmiddle\u00a0\u00bb css=\u00a0\u00bb.vc_custom_1684748078948{margin-top: 0px !important;margin-bottom: 0px !important;border-top-width: 0px !important;border-bottom-width: 0px !important;padding-top: 0px !important;padding-bottom: 0px !important;}\u00a0\u00bb][vc_column width=\u00a0\u00bb1\/3&Prime;][vc_single_image image=\u00a0\u00bb1739&Prime; img_size=\u00a0\u00bblarge\u00a0\u00bb alignment=\u00a0\u00bbcenter\u00a0\u00bb][\/vc_column][vc_column width=\u00a0\u00bb1\/3&Prime;][vc_single_image image=\u00a0\u00bb1736&Prime; img_size=\u00a0\u00bblarge\u00a0\u00bb alignment=\u00a0\u00bbcenter\u00a0\u00bb][\/vc_column][vc_column width=\u00a0\u00bb1\/3&Prime;][vc_single_image image=\u00a0\u00bb1741&Prime; img_size=\u00a0\u00bblarge\u00a0\u00bb alignment=\u00a0\u00bbcenter\u00a0\u00bb][\/vc_column][\/vc_row][vc_row full_width=\u00a0\u00bbstretch_row_content_no_spaces\u00a0\u00bb equal_height=\u00a0\u00bbyes\u00a0\u00bb content_placement=\u00a0\u00bbmiddle\u00a0\u00bb css=\u00a0\u00bb.vc_custom_1643133764446{margin-top: 0px !important;margin-right: 0px !important;margin-bottom: 0px !important;margin-left: 0px !important;border-top-width: 0px !important;padding-top: 0px !important;padding-right: 0px !important;padding-bottom: 0px !important;padding-left: 0px !important;}\u00a0\u00bb][vc_column width=\u00a0\u00bb1\/2&Prime; css=\u00a0\u00bb.vc_custom_1684751232484{padding-top: 0px !important;padding-right: 115px !important;padding-bottom: 0px !important;padding-left: 115px !important;}\u00a0\u00bb offset=\u00a0\u00bbvc_col-lg-6 vc_col-md-6&Prime;]\n\t<div class=\"title-subtitle-box \" style=\" padding: 0px; margin-bottom:50px; text-align: center;\">\n\t\t<p style=\"\">La cuisine<\/p>\n\t\t<h3 style=\" font-weight: normal;\" >La carte<\/h3>\n\t<\/div> [vc_text_separator title=\u00a0\u00bbEntr\u00e9es\u00a0\u00bb color=\u00a0\u00bbcustom\u00a0\u00bb el_width=\u00a0\u00bb50&Prime; accent_color=\u00a0\u00bb#b0976d\u00a0\u00bb css=\u00a0\u00bb.vc_custom_1601300059042{margin-top: 10px !important;margin-bottom: 10px !important;}\u00a0\u00bb][vc_column_text css=\u00a0\u00bb.vc_custom_1769004191595{margin-top: 0px !important;margin-bottom: 0px !important;padding-top: 0px !important;padding-bottom: 0px !important;}\u00a0\u00bb]<\/p>\n<p style=\"text-align: left;\"><strong>Entr\u00e9e de l\u2019ardoise du jour &#8211; 19\u20ac<\/strong><\/p>\n<p style=\"text-align: left;\"><strong>Potiron :<\/strong> cuit comme un risotto aux champignons de saison et son tarama v\u00e9g\u00e9tal au sel fum\u00e9 &#8211; <strong>21\u20ac<\/strong><\/p>\n<p style=\"text-align: left;\"><strong>Thon :<\/strong> salicorne \u00e0 la flamme, pur\u00e9e de brocolis, vinaigrette exotique au gingembre confit &#8211; <strong>26\u20ac<\/strong><\/p>\n<p style=\"text-align: left;\"><strong>P\u00e2t\u00e9 en cro\u00fbte :<\/strong> farce de veau et cochon, foie gras de canard, condiment au vinaigre balsamique &#8211; <strong>24\u20ac<\/strong><\/p>\n<p>[\/vc_column_text][vc_text_separator title=\u00a0\u00bbPlats\u00a0\u00bb color=\u00a0\u00bbcustom\u00a0\u00bb el_width=\u00a0\u00bb50&Prime; accent_color=\u00a0\u00bb#b0976d\u00a0\u00bb css=\u00a0\u00bb.vc_custom_1601300118071{margin-top: 10px !important;margin-bottom: 10px !important;}\u00a0\u00bb][vc_column_text css=\u00a0\u00bb.vc_custom_1768898035413{margin-top: 0px !important;margin-bottom: 0px !important;padding-top: 0px !important;padding-bottom: 0px !important;}\u00a0\u00bb]<\/p>\n<p style=\"text-align: left;\"><strong>Plat \u00e0 l\u2019ardoise du Jour &#8211; 29\u20ac<\/strong><\/p>\n<p style=\"text-align: left;\"><strong>Lieu jaune : <\/strong>r\u00f4ti, tapenade de boudin noir aux algues, l\u00e9gumes mara\u00eechers et jus safran\u00e9 &#8211; <strong>34\u20ac<\/strong><\/p>\n<p style=\"text-align: left;\"><strong>Saint-Jacques : <\/strong>po\u00eal\u00e9es, mousseline de topinambour et cr\u00e8me de corail d\u2019oursin &#8211; <strong>38\u20ac<\/strong><\/p>\n<p style=\"text-align: left;\"><strong>B\u0153uf : <\/strong>taill\u00e9 dans le filet, sauce au vin rouge et poivre de Kampot, \u00e9cras\u00e9 de pommes de terre &#8211; <strong>41\u20ac<\/strong><\/p>\n<p>[\/vc_column_text][vc_text_separator title=\u00a0\u00bbFromages\u00a0\u00bb color=\u00a0\u00bbcustom\u00a0\u00bb el_width=\u00a0\u00bb50&Prime; accent_color=\u00a0\u00bb#b0976d\u00a0\u00bb css=\u00a0\u00bb.vc_custom_1601300110319{margin-top: 10px !important;margin-bottom: 10px !important;}\u00a0\u00bb][vc_column_text css=\u00a0\u00bb.vc_custom_1714674065434{margin-top: 0px !important;margin-bottom: 0px !important;padding-top: 0px !important;padding-bottom: 0px !important;}\u00a0\u00bb]<\/p>\n<p style=\"text-align: center;\">Assiette de trois fromages &#8211; <strong>18\u20ac<\/strong><\/p>\n<p>[\/vc_column_text][vc_text_separator title=\u00a0\u00bbDesserts\u00a0\u00bb color=\u00a0\u00bbcustom\u00a0\u00bb el_width=\u00a0\u00bb50&Prime; accent_color=\u00a0\u00bb#b0976d\u00a0\u00bb css=\u00a0\u00bb.vc_custom_1601300101871{margin-top: 10px !important;margin-bottom: 10px !important;}\u00a0\u00bb][vc_column_text css=\u00a0\u00bb.vc_custom_1769004231878{margin-top: 0px !important;margin-bottom: 0px !important;padding-top: 0px !important;padding-bottom: 0px !important;}\u00a0\u00bb]<\/p>\n<p style=\"text-align: left;\"><strong>Dessert \u00e0 l&rsquo;ardoise du jour &#8211; 14\u20ac<\/strong><\/p>\n<p style=\"text-align: left;\"><strong>Tartelette : <\/strong>garnie de fruits de saison, sabayon pistache &#8211; <strong>15\u20ac<\/strong><\/p>\n<p style=\"text-align: left;\"><strong>C\u00e9drat confit : <\/strong>du Cap Corse en gel\u00e9e, douceur \u00e0 la fleur d\u2019oranger, amandes torr\u00e9fi\u00e9es &#8211; <strong>15\u20ac<\/strong><\/p>\n<p style=\"text-align: left;\"><strong>Chocolat :\u00a0<\/strong>streusel, ganache mont\u00e9e chocolat, pop-corn de sarrasin et cerise Amarena &#8211; <strong>15\u20ac<\/strong><\/p>\n<p style=\"text-align: left;\"><strong>Caf\u00e9 ou th\u00e9 gourmand &#8211; 15\u20ac<\/strong><\/p>\n<p>[\/vc_column_text][\/vc_column][vc_column width=\u00a0\u00bb1\/2&Prime; css=\u00a0\u00bb.vc_custom_1643133844147{padding-top: 0px !important;padding-right: 115px !important;padding-bottom: 0px !important;padding-left: 115px !important;}\u00a0\u00bb offset=\u00a0\u00bbvc_col-lg-6 vc_col-md-6&Prime;]\n\t<div class=\"title-subtitle-box \" style=\" padding: 0px; margin-bottom:50px; text-align: center;\">\n\t\t<p style=\"\">The kitchen<\/p>\n\t\t<h3 style=\" font-weight: normal;\" >The card<\/h3>\n\t<\/div> [vc_text_separator title=\u00a0\u00bbStarters\u00a0\u00bb color=\u00a0\u00bbcustom\u00a0\u00bb el_width=\u00a0\u00bb50&Prime; accent_color=\u00a0\u00bb#b0976d\u00a0\u00bb css=\u00a0\u00bb.vc_custom_1601300164084{margin-top: 10px !important;margin-bottom: 10px !important;}\u00a0\u00bb][vc_column_text css=\u00a0\u00bb.vc_custom_1769004266284{margin-top: 0px !important;margin-bottom: 0px !important;}\u00a0\u00bb]<\/p>\n<p style=\"text-align: left;\"><strong>Starters of the day &#8211; 19\u20ac<\/strong><\/p>\n<p style=\"text-align: left;\"><strong>Pumpkin: <\/strong>cooked like a risotto with seasonal mushrooms and its vegetable t<em>arama <\/em>with smocked salt &#8211; <strong>21\u20ac<\/strong><\/p>\n<p style=\"text-align: left;\"><strong>Tuna: <\/strong>torch-seared samphire, broccoli pur\u00e9e, exotic vinaigrette with candied ginger &#8211; <strong>26\u20ac<\/strong><\/p>\n<p style=\"text-align: left;\"><strong>P\u00e2t\u00e9 en croute:<\/strong> veal and pork filling, duck foie gras, balsamic vinegar condiment &#8211; <strong>24\u20ac<\/strong><\/p>\n<p>[\/vc_column_text][vc_text_separator title=\u00a0\u00bbMain dishes\u00a0\u00bb color=\u00a0\u00bbcustom\u00a0\u00bb el_width=\u00a0\u00bb50&Prime; accent_color=\u00a0\u00bb#b0976d\u00a0\u00bb css=\u00a0\u00bb.vc_custom_1601300215023{margin-top: 10px !important;margin-bottom: 10px !important;}\u00a0\u00bb][vc_column_text css=\u00a0\u00bb.vc_custom_1768897936740{margin-top: 0px !important;margin-bottom: 0px !important;}\u00a0\u00bb]<\/p>\n<p style=\"text-align: left;\"><strong>Dishes of the day &#8211; 29\u20ac<\/strong><\/p>\n<p style=\"text-align: left;\"><strong>Yellow Pollock: <\/strong>roasted, black pudding and seaweed tapenade, garden vegetables and saffron jus &#8211; <strong>34\u20ac<\/strong><\/p>\n<p style=\"text-align: left;\"><strong>Scallops: <\/strong>pan-fried, Jerusalem artichoke mousseline and sea urchin coral cream &#8211; <strong>38\u20ac<\/strong><\/p>\n<p style=\"text-align: left;\"><strong>Beef: <\/strong>cut from the fillet, red wine sauce with Kampot pepper, crushed potatoes &#8211; <strong>41\u20ac<\/strong><\/p>\n<p>[\/vc_column_text][vc_text_separator title=\u00a0\u00bbCheeses\u00a0\u00bb color=\u00a0\u00bbcustom\u00a0\u00bb el_width=\u00a0\u00bb50&Prime; accent_color=\u00a0\u00bb#b0976d\u00a0\u00bb css=\u00a0\u00bb.vc_custom_1601300305181{margin-top: 10px !important;margin-bottom: 10px !important;}\u00a0\u00bb][vc_column_text css=\u00a0\u00bb.vc_custom_1714674481128{margin-top: 0px !important;margin-bottom: 0px !important;}\u00a0\u00bb]<\/p>\n<p style=\"text-align: center;\">3-cheese plate &#8211; <strong>18\u20ac<\/strong><\/p>\n<p>[\/vc_column_text][vc_text_separator title=\u00a0\u00bbDesserts\u00a0\u00bb color=\u00a0\u00bbcustom\u00a0\u00bb el_width=\u00a0\u00bb50&Prime; accent_color=\u00a0\u00bb#b0976d\u00a0\u00bb css=\u00a0\u00bb.vc_custom_1601300381963{margin-top: 10px !important;margin-bottom: 10px !important;}\u00a0\u00bb][vc_column_text css=\u00a0\u00bb.vc_custom_1768898231956{margin-top: 0px !important;margin-bottom: 0px !important;}\u00a0\u00bb]<\/p>\n<p style=\"text-align: left;\"><strong>Delicacies of the day &#8211; 14\u20ac<\/strong><\/p>\n<p style=\"text-align: left;\"><strong>Tartlet:<\/strong> filled with seasonal fruits, pistachio sabayon &#8211; <strong>15\u20ac<\/strong><\/p>\n<p style=\"text-align: left;\"><strong>Candied citron:\u00a0<\/strong>from Cap Corse in jelly, orange blossom sweetness,\u00a0toasted almonds &#8211; <strong>15\u20ac<\/strong><\/p>\n<p style=\"text-align: left;\"><strong>Chocolate: <\/strong>streusel, whipped chocolate ganache, buckwheat popcorn and Amarena cherry &#8211; <strong>15\u20ac<\/strong><\/p>\n<p style=\"text-align: left;\"><strong>Gourmet coffee or tea &#8211; 15\u20ac<\/strong><\/p>\n<p>[\/vc_column_text][\/vc_column][\/vc_row][vc_row full_width=\u00a0\u00bbstretch_row_content_no_spaces\u00a0\u00bb equal_height=\u00a0\u00bbyes\u00a0\u00bb css=\u00a0\u00bb.vc_custom_1684750896232{margin-top: 0px !important;margin-bottom: 0px !important;border-top-width: 0px !important;border-bottom-width: 0px !important;padding-top: 50px !important;padding-bottom: 0px !important;}\u00a0\u00bb][vc_column width=\u00a0\u00bb1\/3&Prime;][vc_single_image image=\u00a0\u00bb1742&Prime; img_size=\u00a0\u00bbfull\u00a0\u00bb alignment=\u00a0\u00bbcenter\u00a0\u00bb][\/vc_column][vc_column width=\u00a0\u00bb1\/3&Prime;][vc_single_image image=\u00a0\u00bb1767&Prime; img_size=\u00a0\u00bbfull\u00a0\u00bb alignment=\u00a0\u00bbcenter\u00a0\u00bb][\/vc_column][vc_column width=\u00a0\u00bb1\/3&Prime;][vc_single_image image=\u00a0\u00bb1737&Prime; img_size=\u00a0\u00bbfull\u00a0\u00bb alignment=\u00a0\u00bbcenter\u00a0\u00bb][\/vc_column][\/vc_row][vc_row full_width=\u00a0\u00bbstretch_row_content_no_spaces\u00a0\u00bb equal_height=\u00a0\u00bbyes\u00a0\u00bb content_placement=\u00a0\u00bbmiddle\u00a0\u00bb css=\u00a0\u00bb.vc_custom_1632746516561{margin-top: 0px !important;margin-bottom: 0px !important;border-top-width: 0px !important;border-bottom-width: 0px !important;padding-top: 0px !important;padding-bottom: 0px !important;}\u00a0\u00bb][vc_column css=\u00a0\u00bb.vc_custom_1643133895638{padding-top: 0px !important;padding-right: 115px !important;padding-bottom: 0px !important;padding-left: 115px !important;}\u00a0\u00bb offset=\u00a0\u00bbvc_col-lg-6 vc_col-md-6&Prime;]\n\t<div class=\"title-subtitle-box \" style=\" padding: 0px; margin-bottom:50px; text-align: center;\">\n\t\t<p style=\"\">La cuisine<\/p>\n\t\t<h3 style=\" font-weight: normal;\" >Les menus<\/h3>\n\t<\/div> [vc_text_separator title=\u00a0\u00bbFormules D\u00e9jeuners \u00e0 l&rsquo;ardoise\u00a0\u00bb color=\u00a0\u00bbcustom\u00a0\u00bb accent_color=\u00a0\u00bb#b0976d\u00a0\u00bb css=\u00a0\u00bb.vc_custom_1601302437915{margin-bottom: 10px !important;}\u00a0\u00bb][vc_column_text css=\u00a0\u00bb.vc_custom_1699427650633{margin-top: 0px !important;margin-bottom: 0px !important;}\u00a0\u00bb]<\/p>\n<p style=\"text-align: center;\">Entr\u00e9e &amp; plat ou plat &amp; dessert &#8211; <strong>41\u20ac<br \/>\n<\/strong>Entr\u00e9e, plat&amp; dessert &#8211; <strong>49\u20ac<\/strong><\/p>\n<p style=\"text-align: center;\"><em>D\u00e9gustation de deux vins surprises &#8211; <\/em><strong>18\u20ac<\/strong><br \/>\n<em>D\u00e9gustation de trois vins surprises &#8211; <\/em><strong>25\u20ac<\/strong><\/p>\n<p>[\/vc_column_text][vc_text_separator title=\u00a0\u00bbLes Menus signatures \u00ab\u00a0Saveurs Complices\u00ab\u00a0\u00a0\u00bb color=\u00a0\u00bbcustom\u00a0\u00bb accent_color=\u00a0\u00bb#b0976d\u00a0\u00bb css=\u00a0\u00bb.vc_custom_1601302427671{margin-top: 30px !important;margin-bottom: 10px !important;}\u00a0\u00bb][vc_column_text css=\u00a0\u00bb.vc_custom_1699427711746{margin-top: 0px !important;margin-bottom: 0px !important;}\u00a0\u00bb]<\/p>\n<p style=\"text-align: center;\">Ces menus surprises sont servis au d\u00e9jeuner jusqu\u2019\u00e0 14h et au d\u00eener jusqu\u2019\u00e0 22h pour la table enti\u00e8re, merci de nous faire part, s\u2019il y a lieu, de vos contraintes alimentaires.<\/p>\n<p>[\/vc_column_text][vc_text_separator title=\u00a0\u00bbMenu D\u00e9couverte &#8211; <strong>80\u20ac<\/strong>\u00a0\u00bb color=\u00a0\u00bbcustom\u00a0\u00bb el_width=\u00a0\u00bb50&Prime; accent_color=\u00a0\u00bb#b0976d\u00a0\u00bb css=\u00a0\u00bb.vc_custom_1699427789271{margin-top: 10px !important;margin-bottom: 10px !important;}\u00a0\u00bb][vc_column_text css=\u00a0\u00bb.vc_custom_1699427776464{margin-top: 0px !important;margin-bottom: 0px !important;}\u00a0\u00bb]<\/p>\n<p style=\"text-align: center;\"><strong>Avec une d\u00e9gustation de trois vins<\/strong><br \/>\n<strong>Laissez-vous surprendre par des crus \u00e9mergents<\/strong><br \/>\n<strong>Amuse-bouche, entr\u00e9e, plat, dessert<\/strong><br \/>\n<em><strong>(Le Menu D\u00e9couverte sans les vins &#8211; 60\u20ac)<\/strong><\/em><\/p>\n<p>[\/vc_column_text][vc_text_separator title=\u00a0\u00bbMenu Tentation &#8211; <strong>100\u20ac<\/strong>\u00a0\u00bb color=\u00a0\u00bbcustom\u00a0\u00bb el_width=\u00a0\u00bb50&Prime; accent_color=\u00a0\u00bb#b0976d\u00a0\u00bb css=\u00a0\u00bb.vc_custom_1699427990765{margin-top: 10px !important;margin-bottom: 10px !important;}\u00a0\u00bb][vc_column_text css=\u00a0\u00bb.vc_custom_1699428041500{margin-top: 0px !important;margin-bottom: 0px !important;}\u00a0\u00bb]<\/p>\n<p style=\"text-align: center;\"><strong>Avec une d\u00e9gustation de quatre vins<br \/>\n<\/strong><strong>Un voyage entre classicisme et originalit\u00e9<\/strong><br \/>\n<strong>Amuse-bouche, <\/strong><strong>entr\u00e9e, <\/strong><strong>plat, <\/strong><strong>fromages et dessert<br \/>\n<\/strong><em><strong>(Le Menu Tentation sans les vins &#8211; 75\u20ac)<\/strong><\/em><\/p>\n<p>[\/vc_column_text][vc_text_separator title=\u00a0\u00bbMenu Mill\u00e9sime &#8211; <strong>130\u20ac<\/strong>\u00a0\u00bb color=\u00a0\u00bbcustom\u00a0\u00bb el_width=\u00a0\u00bb50&Prime; accent_color=\u00a0\u00bb#b0976d\u00a0\u00bb css=\u00a0\u00bb.vc_custom_1699428108657{margin-top: 10px !important;margin-bottom: 10px !important;}\u00a0\u00bb][vc_column_text css=\u00a0\u00bb.vc_custom_1699428098553{margin-top: 0px !important;margin-bottom: 0px !important;}\u00a0\u00bb]<\/p>\n<p style=\"text-align: center;\"><strong>Avec une d\u00e9gustation de cinq vins<br \/>\n<\/strong><strong>coup de c\u0153ur du moment de Philippe Faure-Brac<br \/>\n<\/strong><strong>Amuse-bouche, <\/strong><strong>entr\u00e9e, <\/strong><strong>plat, <\/strong><strong>fromages et dessert<br \/>\n<\/strong><em><strong>(Le Menu Mill\u00e9sime sans les vins &#8211; 95\u20ac)<\/strong><\/em><\/p>\n<p>[\/vc_column_text][\/vc_column][vc_column css=\u00a0\u00bb.vc_custom_1684751287575{padding-top: 0px !important;padding-right: 115px !important;padding-bottom: 0px !important;padding-left: 115px !important;}\u00a0\u00bb offset=\u00a0\u00bbvc_col-lg-6 vc_col-md-6&Prime;]\n\t<div class=\"title-subtitle-box \" style=\" padding: 0px; margin-bottom:50px; text-align: center;\">\n\t\t<p style=\"\">The kitchen<\/p>\n\t\t<h3 style=\" font-weight: normal;\" >The menus<\/h3>\n\t<\/div> [vc_text_separator title=\u00a0\u00bbLunch Specials\u00a0\u00bb color=\u00a0\u00bbcustom\u00a0\u00bb accent_color=\u00a0\u00bb#b0976d\u00a0\u00bb css=\u00a0\u00bb.vc_custom_1601302617210{margin-bottom: 10px !important;}\u00a0\u00bb][vc_column_text css=\u00a0\u00bb.vc_custom_1699427918124{margin-top: 0px !important;margin-bottom: 0px !important;}\u00a0\u00bb]<\/p>\n<p style=\"text-align: center;\">Starter &amp; Main or Main &amp; Dessert &#8211; <strong>41\u20ac<br \/>\n<\/strong>Starter, Main &amp; Dessert &#8211; <strong>49\u20ac<\/strong><\/p>\n<p style=\"text-align: center;\"><em>tasting of 2 wines &#8211; <strong>18\u20ac<\/strong><br \/>\ntasting of 3 wines &#8211; <\/em><strong>25\u20ac<\/strong><\/p>\n<p>[\/vc_column_text][vc_text_separator title=\u00a0\u00bbThe \u00ab\u00a0Exquisite matches\u00ab\u00a0 menus\u00a0\u00bb color=\u00a0\u00bbcustom\u00a0\u00bb accent_color=\u00a0\u00bb#b0976d\u00a0\u00bb css=\u00a0\u00bb.vc_custom_1601302754405{margin-top: 30px !important;margin-bottom: 10px !important;}\u00a0\u00bb][vc_column_text css=\u00a0\u00bb.vc_custom_1699428498338{margin-top: 0px !important;margin-bottom: 0px !important;}\u00a0\u00bb]<\/p>\n<p style=\"text-align: center;\">These menus are served at lunch <span class=\"Y2IQFc\" lang=\"en\">until 2 p.m. and at dinner until 10 p.m. <\/span>and dinner time and for the whole table, <span class=\"Y2IQFc\" lang=\"en\">please let us know, if necessary, your dietary constraints.<\/span><\/p>\n<p>[\/vc_column_text][vc_text_separator title=\u00a0\u00bbDiscovery Menu &#8211; <strong>80\u20ac<\/strong>\u00a0\u00bb color=\u00a0\u00bbcustom\u00a0\u00bb el_width=\u00a0\u00bb50&Prime; accent_color=\u00a0\u00bb#b0976d\u00a0\u00bb css=\u00a0\u00bb.vc_custom_1699427936531{margin-top: 10px !important;margin-bottom: 10px !important;}\u00a0\u00bb][vc_column_text css=\u00a0\u00bb.vc_custom_1699427977101{margin-top: 0px !important;margin-bottom: 0px !important;}\u00a0\u00bb]<\/p>\n<p style=\"text-align: center;\"><strong>Meeting the emerging wines<\/strong><br \/>\n<strong>Appetizer, Starter, Main course, Sweet touch<\/strong><br \/>\n<strong>With a tasting of 3 wines<\/strong><br \/>\n<em><strong>(Discovery Menu without wines &#8211; 60\u20ac)<\/strong><\/em><\/p>\n<p>[\/vc_column_text][vc_text_separator title=\u00a0\u00bbTemptation Menu &#8211; <strong>100\u20ac<\/strong>\u00a0\u00bb color=\u00a0\u00bbcustom\u00a0\u00bb el_width=\u00a0\u00bb50&Prime; accent_color=\u00a0\u00bb#b0976d\u00a0\u00bb css=\u00a0\u00bb.vc_custom_1699428007108{margin-top: 10px !important;margin-bottom: 10px !important;}\u00a0\u00bb][vc_column_text css=\u00a0\u00bb.vc_custom_1699428051141{margin-top: 0px !important;margin-bottom: 0px !important;}\u00a0\u00bb]<\/p>\n<p style=\"text-align: center;\"><strong>Traveling between classicism and originality<br \/>\n<\/strong><strong>Amuse-bouche, Appetizer, Starter, Main course, Cheese, Sweet touch<br \/>\n<\/strong><strong>With a tasting of 4 wines<br \/>\n<\/strong><em><strong>(Temptation Menu without wines &#8211; 75\u20ac)<\/strong><\/em><\/p>\n<p>[\/vc_column_text][vc_text_separator title=\u00a0\u00bbMillesime Menu &#8211; <strong>130\u20ac<\/strong>\u00a0\u00bb color=\u00a0\u00bbcustom\u00a0\u00bb el_width=\u00a0\u00bb50&Prime; accent_color=\u00a0\u00bb#b0976d\u00a0\u00bb css=\u00a0\u00bb.vc_custom_1699428124039{margin-top: 10px !important;margin-bottom: 10px !important;}\u00a0\u00bb][vc_column_text css=\u00a0\u00bb.vc_custom_1699428116894{margin-top: 0px !important;margin-bottom: 0px !important;}\u00a0\u00bb]<\/p>\n<p style=\"text-align: center;\"><strong>A selection of Philippe Faure-Brac favorite wines<br \/>\n<\/strong><strong>Amuse-bouche, Appetizer, Starter, Main course, Cheese, Sweet touch<br \/>\n<\/strong><strong>With a tasting of 5 wines<br \/>\n<\/strong><em><strong>(Millesime Menu without wines &#8211; 95\u20ac)<\/strong><\/em><\/p>\n<p>[\/vc_column_text][\/vc_column][\/vc_row][vc_row full_width=\u00a0\u00bbstretch_row_content_no_spaces\u00a0\u00bb equal_height=\u00a0\u00bbyes\u00a0\u00bb content_placement=\u00a0\u00bbmiddle\u00a0\u00bb css=\u00a0\u00bb.vc_custom_1684750737940{margin-top: 0px !important;margin-bottom: 0px !important;border-top-width: 0px !important;border-bottom-width: 0px !important;padding-top: 50px !important;padding-bottom: 0px !important;}\u00a0\u00bb][vc_column width=\u00a0\u00bb1\/3&Prime;][vc_single_image image=\u00a0\u00bb1740&Prime; img_size=\u00a0\u00bbfull\u00a0\u00bb alignment=\u00a0\u00bbcenter\u00a0\u00bb css=\u00a0\u00bb.vc_custom_1684751169989{margin-bottom: 0px !important;border-bottom-width: 0px !important;padding-bottom: 0px !important;}\u00a0\u00bb][\/vc_column][vc_column width=\u00a0\u00bb1\/3&Prime;][vc_single_image image=\u00a0\u00bb1770&Prime; img_size=\u00a0\u00bbfull\u00a0\u00bb alignment=\u00a0\u00bbcenter\u00a0\u00bb css=\u00a0\u00bb.vc_custom_1684751159404{margin-bottom: 0px !important;border-bottom-width: 0px !important;padding-bottom: 0px !important;}\u00a0\u00bb][\/vc_column][vc_column width=\u00a0\u00bb1\/3&Prime;][vc_single_image image=\u00a0\u00bb1738&Prime; img_size=\u00a0\u00bbfull\u00a0\u00bb alignment=\u00a0\u00bbcenter\u00a0\u00bb css=\u00a0\u00bb.vc_custom_1684751150624{margin-bottom: 0px !important;border-bottom-width: 0px !important;padding-bottom: 0px !important;}\u00a0\u00bb][\/vc_column][\/vc_row][vc_row full_width=\u00a0\u00bbstretch_row_content_no_spaces\u00a0\u00bb equal_height=\u00a0\u00bbyes\u00a0\u00bb css=\u00a0\u00bb.vc_custom_1684750805219{background-color: #f1f1f1 !important;}\u00a0\u00bb][vc_column]\n\t<div class=\"title-subtitle-box \" style=\" margin-bottom:50px; text-align: center;\">\n\t\t<p style=\"\">Blaise Pascal<\/p>\n\t\t<h3 style=\" font-weight: bold;\" >\u00ab Trop ou trop peu de vin interdit la v\u00e9rit\u00e9 \u00bb<\/h3>\n\t<\/div> [vc_btn title=\u00a0\u00bbR\u00e9servation \/ Booking\u00a0\u00bb style=\u00a0\u00bbcustom\u00a0\u00bb custom_background=\u00a0\u00bb#b0976d\u00a0\u00bb custom_text=\u00a0\u00bb#ffffff\u00a0\u00bb shape=\u00a0\u00bbsquare\u00a0\u00bb align=\u00a0\u00bbcenter\u00a0\u00bb link=\u00a0\u00bburl:https%3A%2F%2Fbistrotdusommelier.eu%2Fbds%2Freservation%2F|title:R%C3%A9servation%20%2F%20Booking\u00a0\u00bb css=\u00a0\u00bb.vc_custom_1615397695862{margin-bottom: 20px !important;}\u00a0\u00bb][vc_column_text]<\/p>\n<p style=\"text-align: center;\"><strong>Liste des allerg\u00e8nes sur demande \/ <\/strong><strong><em>The list of allergenic products is available on request<\/em><\/strong><\/p>\n<p>[\/vc_column_text][vc_column_text]<\/p>\n<p style=\"text-align: center;\"><strong>Attention, la maison n&rsquo;accepte pas les r\u00e9glements par ch\u00e8que \/ We do not accept check payments<\/strong><\/p>\n<p style=\"text-align: center;\">Ces prix s\u2019entendent TTC service compris \u2013 TVA 10% incluse sur les mets et 20% sur les vins et les spiritueux.<br \/>\nThese prices include taxes \u2013 VAT 10% included for meals and 20% for wine and spirits.<\/p>\n<p>[\/vc_column_text][\/vc_column][\/vc_row]<\/p>\n","protected":false},"excerpt":{"rendered":"<p>[vc_row full_width=\u00a0\u00bbstretch_row_content_no_spaces\u00a0\u00bb equal_height=\u00a0\u00bbyes\u00a0\u00bb content_placement=\u00a0\u00bbmiddle\u00a0\u00bb css=\u00a0\u00bb.vc_custom_1684748078948{margin-top: 0px !important;margin-bottom: 0px !important;border-top-width: 0px !important;border-bottom-width: 0px !important;padding-top: 0px !important;padding-bottom: 0px !important;}\u00a0\u00bb][vc_column width=\u00a0\u00bb1\/3&Prime;][vc_single_image image=\u00a0\u00bb1739&Prime; img_size=\u00a0\u00bblarge\u00a0\u00bb alignment=\u00a0\u00bbcenter\u00a0\u00bb][\/vc_column][vc_column width=\u00a0\u00bb1\/3&Prime;][vc_single_image image=\u00a0\u00bb1736&Prime; img_size=\u00a0\u00bblarge\u00a0\u00bb alignment=\u00a0\u00bbcenter\u00a0\u00bb][\/vc_column][vc_column width=\u00a0\u00bb1\/3&Prime;][vc_single_image image=\u00a0\u00bb1741&Prime; img_size=\u00a0\u00bblarge\u00a0\u00bb alignment=\u00a0\u00bbcenter\u00a0\u00bb][\/vc_column][\/vc_row][vc_row full_width=\u00a0\u00bbstretch_row_content_no_spaces\u00a0\u00bb equal_height=\u00a0\u00bbyes\u00a0\u00bb content_placement=\u00a0\u00bbmiddle\u00a0\u00bb css=\u00a0\u00bb.vc_custom_1643133764446{margin-top: 0px !important;margin-right: 0px !important;margin-bottom: 0px !important;margin-left: 0px !important;border-top-width: 0px !important;padding-top: 0px !important;padding-right: 0px !important;padding-bottom: 0px !important;padding-left: 0px !important;}\u00a0\u00bb][vc_column width=\u00a0\u00bb1\/2&Prime; css=\u00a0\u00bb.vc_custom_1684751232484{padding-top: 0px !important;padding-right:<br class=\"read-more-spacer\"> <a class=\"more-link\" href=\"https:\/\/bistrotdusommelier.eu\/bds\/cusine\/\">Read More<\/a><\/p>\n","protected":false},"author":1,"featured_media":1309,"parent":0,"menu_order":0,"comment_status":"closed","ping_status":"closed","template":"","meta":{"footnotes":""},"class_list":["post-1139","page","type-page","status-publish","has-post-thumbnail","hentry"],"_links":{"self":[{"href":"https:\/\/bistrotdusommelier.eu\/bds\/wp-json\/wp\/v2\/pages\/1139","targetHints":{"allow":["GET"]}}],"collection":[{"href":"https:\/\/bistrotdusommelier.eu\/bds\/wp-json\/wp\/v2\/pages"}],"about":[{"href":"https:\/\/bistrotdusommelier.eu\/bds\/wp-json\/wp\/v2\/types\/page"}],"author":[{"embeddable":true,"href":"https:\/\/bistrotdusommelier.eu\/bds\/wp-json\/wp\/v2\/users\/1"}],"replies":[{"embeddable":true,"href":"https:\/\/bistrotdusommelier.eu\/bds\/wp-json\/wp\/v2\/comments?post=1139"}],"version-history":[{"count":124,"href":"https:\/\/bistrotdusommelier.eu\/bds\/wp-json\/wp\/v2\/pages\/1139\/revisions"}],"predecessor-version":[{"id":2003,"href":"https:\/\/bistrotdusommelier.eu\/bds\/wp-json\/wp\/v2\/pages\/1139\/revisions\/2003"}],"wp:featuredmedia":[{"embeddable":true,"href":"https:\/\/bistrotdusommelier.eu\/bds\/wp-json\/wp\/v2\/media\/1309"}],"wp:attachment":[{"href":"https:\/\/bistrotdusommelier.eu\/bds\/wp-json\/wp\/v2\/media?parent=1139"}],"curies":[{"name":"wp","href":"https:\/\/api.w.org\/{rel}","templated":true}]}}